). What is the hundreds digit of (-2)/n + h/11?
1
Let f = -84 - -85. Let k(a) = a + 13. Let j be k(-10). Suppose -4*m - f = -n - 43, 4*m + j*n - 50 = 0. What is the tens digit of m?
1
Let p = 106 - -3167. Suppose p - 737 = 4*s. What is the tens digit of s?
3
Let i be 4 + -6 + -1 + 71. Suppose 4*l = 4*o - 416, 2*o + 4*l - i - 134 = 0. Suppose 379 = 4*c + o. What is the tens digit of c?
6
Let n(y) = 2*y**2 + 32*y + 84. Let d be n(33). Suppose -d = -14*f + 7812. What is the tens digit of f?
9
Let x = -956 + 1429. Let a = x - 332. What is the hundreds digit of a?
1
Let w be (-1)/(1/(-3031)) + 1/1. Suppose -2*l = 10*n - 15*n + 3034, w = 5*n - l. What is the units digit of n?
6
Let h(j) = 2*j**3 + 54*j**2 - 81*j + 67. What is the hundreds digit of h(-28)?
7
Let n(s) = s - 50. Let j be n(19). Let p = 276 + j. What is the units digit of p?
5
Let f(a) be the second derivative of 103*a**3/3 - 9*a**2 - 32*a. What is the tens digit of f(3)?
0
Suppose 2*z = -o + 119, -o + 2*z + 152 = 49. Let u = 93 - o. What is the units digit of 6*(38/4 - u/12)?
6
Let p(f) = 53*f - 272. Let a(y) = 28*y - 136. Let o(z) = -11*a(z) + 6*p(z). What is the units digit of o(34)?
4
Let z = -58674 + 94828. What is the units digit of z?
4
Let n(a) = 7*a - 3 + 2*a**2 + 0*a + 5*a - 10*a. Let t be n(-6). What is the tens digit of t/152 + (-565)/(-8)?
7
Let p = 53585 + -36498. What is the units digit of p?
7
What is the hundreds digit of (25416/11296)/(2/13296*18/4)?
3
Suppose 6*s + 458 = -5*r + 5*s, -102 = r - 5*s. Let u = r - -95. Suppose 5*q - z - 237 - 644 = 0, -5*q + 897 = u*z. What is the units digit of q?
7
Let w(l) = 112*l**2 - 48*l - 109. What is the tens digit of w(27)?
4
Let a(y) = 3*y**3 + 34*y**2 + 8*y - 12. Let g be a(-11). Suppose -19*z - 2496 = -g*z. What is the units digit of z?
8
Let f be (-90)/12*16/12. Let q = f + -16. Let r = 3 - q. What is the units digit of r?
9
Let h(y) = -58*y**2 - 28 + 28*y**2 - 11*y + 31*y**2. What is the units digit of h(37)?
4
Suppose 0 = 5*p - 3*h + 15, 2*p + h - 2 = 3. Suppose i = -p*i + 5*v + 71, 79 = i - 3*v. Let d = i + -65. What is the tens digit of d?
2
Suppose 6*o - o = 4220. Suppose o + 2198 = 13*n. What is the units digit of n?
4
Let r be ((-4)/(-3))/(8/(-12)). Let p be (-5)/((-5)/508) + (r - 1). Suppose -p = -3*j - 2*j + 2*n, n - 5 = 0. What is the tens digit of j?
0
Suppose k - 88 = -k. Let m be (4 + -1)*k/33. Suppose 0 = 4*p - g - 347, 343 = m*p + 2*g - 7*g. What is the units digit of p?
7
Let w = -42 + 45. Suppose -d + 3*p = -8, -d - 4*p + 4 = -w*p. Suppose d*z - 78 = -2*o - 0*o, 0 = -z - 2*o + 22. What is the tens digit of z?
1
Let f = 7382 - 5423. What is the thousands digit of f?
1
Let w(f) = -f**3 + 10*f**2 + 14*f + 31. Let b be w(13). Let r = -439 - b. Let v = r + 415. What is the hundreds digit of v?
2
Let w be (-3)/5*-5 + 840. Suppose 0 = 2*t - w - 25. What is the hundreds digit of t?
4
Suppose -2556*m + 2558*m = 5*p - 87406, 4*p = -4*m + 69908. What is the units digit of p?
0
What is the tens digit of 4479/21*(-71 - -106)?
6
Suppose -200*l - 20 = -204*l. Suppose 0 = -3*x - i - 2*i + 3708, l*i - 2460 = -2*x. What is the units digit of x?
0
Let r(p) = -28*p**2 + 5*p - 1. Let u be r(7). Let z = -1908 - u. What is the units digit of (-64)/80*z/4?
4
Let q = 697 + 13155. What is the units digit of q?
2
Let p = 63 - 55. Suppose 1 - 1 = p*n. Suppose n*d - 2*d - 8 = 0, 5*d + 64 = 2*w. What is the tens digit of w?
2
Let l(j) = 3*j**2 - 9*j**2 - 6 + 7*j**2. Let d be l(-3). Suppose -328 = z - 4*z + o, o = -d*z + 338. What is the tens digit of z?
1
Suppose 62*c - 81*c = -8398. What is the tens digit of c?
4
Let d(l) = l**2 - l + 2. Let t be d(0). Suppose -g = -4 - t. Suppose -4*h = 3*u - g*u - 197, -2*h + 3*u + 97 = 0. What is the units digit of h?
0
Let w(v) = 233*v**3 - 3*v**2 - v + 1. Let g be w(-1). Let h = -103 + 448. Let m = g + h. What is the units digit of m?
1
Suppose 0 = 2*a - 2*g - 38709 - 49433, 220347 = 5*a - 3*g. What is the units digit of a?
7
Let t(a) = -9*a**2 + 3*a. Let u be t(2). Let n be (378/u)/((-6)/20). What is the tens digit of ((-60)/n)/(1/(-7))?
1
Suppose 17*z - 74615 = 2*z + 4585. What is the units digit of z?
0
Suppose -6 = -4*y - 14. What is the units digit of (-2 + (-3)/y)/(1/(-2058))?
9
Let z = -31 + 36. Suppose 5*g - 935 = -z*y, 3*g - 2*g = 2*y + 184. Suppose 5*a + g = 461. What is the units digit of a?
5
Suppose -5*x = 5*m - 10*m - 1690, 4*m + 16 = 0. What is the tens digit of x?
3
What is the units digit of (-15638)/(-12) + 1 - 310/(-372)?
5
Suppose 2*l + 3*i = 20998, 0 = 5*l + 8*i - 10*i - 52457. What is the tens digit of l?
9
Let w be (-2)/8 - 20982/(-24). Let j = w + 435. Suppose 0 = -4*n + j - 369. What is the hundreds digit of n?
2
Let b(o) = o**2 - 11*o - 4. Let j(h) = 5*h. Let a be j(9). Suppose 2*w + a = 5*w. What is the units digit of b(w)?
6
Let f(u) be the third derivative of 731*u**4/24 + 3*u**3/2 - 31*u**2. Let i be f(3). What is the hundreds digit of i/14 - 6/21?
1
What is the tens digit of (-11917*21/(-42))/(2/4)?
1
Let n(r) = -r**3 - 7*r**2 + 10*r - 1. Suppose 2*y - 2*q = 24, 3*y - 2*q - 42 = -5. Let i = 4 - y. What is the units digit of n(i)?
1
Suppose 0 = 2*p - 3*v - 153, 3*p - 78 = 5*v + 154. Suppose -p = 4*w - 269. What is the units digit of w?
0
Let h(j) = 13*j**2 - 8*j - 15. Let n be h(-8). Suppose -3375 = -14*m + n. Suppose -4*d + 235 = 5*w, 7*d - m = 2*d + 4*w. What is the tens digit of d?
6
Let a = -241 - -241. Suppose -5*c + 4*y + 1828 - 135 = 0, c + 2*y - 333 = a. What is the tens digit of c?
3
Let p(m) = -207*m + 944. What is the thousands digit of p(-34)?
7
Suppose 13 = 3*x - 2*o, -3 = -2*x - o + 1. Suppose -3*h - 4*j = -506, 8*j - x*j + 156 = h. What is the units digit of h?
6
Suppose 4*o - 12 = -2*g, 4 = g + 37*o - 36*o. Suppose 0 = -5*d, -4*v - g*d + 0*d = -6384. What is the units digit of v?
6
Let o = 278 - 275. Suppose 0 = -k + o*k - 2296. What is the hundreds digit of k?
1
What is the hundreds digit of (7/7)/(9/(-113481)*(-1 + -2))?
2
Suppose -m + 905 = 3*z, -5*m + 1525 = 10*z - 5*z. Let y = z - -20. What is the tens digit of y?
2
Let t be (-6)/(-4)*(-1472)/(-24). Suppose 68 + t = 10*i. Suppose 2*l + 0 = i. What is the units digit of l?
8
Let v = 25 + -17. Suppose -730 = 3*y - v*y. Suppose -y = -j + 70. What is the units digit of j?
6
Let t = -3041 + 7532. What is the hundreds digit of t?
4
Let p = -27 - -27. Suppose 3*x - 4*y + 19 = 0, 4*x + 4*y + 8 + 8 = p. What is the hundreds digit of 1641/15 + 2/x - 2?
1
Let l = -103 - -145. Let g be (3633/2)/(21/l). What is the units digit of (((-2)/(-3))/((-14)/g))/(-1)?
3
Let a be ((-12)/(-30))/((-1)/(-6375)*3). Let y = a + -443. Suppose 0 = 4*i - y + 27. What is the tens digit of i?
9
Suppose 0 = 95*w - 226512 - 691758. What is the tens digit of w?
6
Let r(l) = -l**3 + 22*l**2 + l + 33. Let c be r(22). Suppose -52*t - 510 = -c*t. What is the units digit of t?
0
Let j(p) = p**3 - 14*p + 14*p**2 - p**2 - 32 + 25. Let t be j(-14). What is the tens digit of t/(21/(-264))*(-10)/(-8)?
1
Let k = -3622 - -2156. What is the units digit of ((-8 + -2)/(-5))/((-4)/k)?
3
Suppose 161834 = 4*d + 10*d - 191512. What is the thousands digit of d?
5
Suppose 5*o - 831 = -2*h + 1890, 4*h - 5367 = 5*o. What is the units digit of h?
8
Let k be -4*(-6)/9*(-9)/(-6). Suppose o = 3*q + k*o - 2451, 3*q + 4*o - 2451 = 0. What is the units digit of q?
7
Let z = -3949 - -24220. What is the tens digit of z?
7
Suppose 6*h + 458504 = 80*h. What is the hundreds digit of h?
1
Let z = 491 + -502. Let x(d) = -d**3 - 7*d**2 - d + 47. What is the hundreds digit of x(z)?
5
Let z(u) = 2*u - 19. Let n be z(9). What is the hundreds digit of ((-18)/(-12) + 2)*(-124)/n?
4
Let k be (5/((-80)/24))/(2/(-724)). Suppose 4*x - 2583 = -k. What is the tens digit of x?
1
Let z be ((-4)/(-5))/(8/(-20)). Let o be ((-6)/z)/((-3)/2) - 37. Let s = 59 + o. What is the units digit of s?
0
Suppose 4*g = 3*n + 92, g = -4*n - 4*g - 133. Let s = 31 + -51. What is the tens digit of 367/5 + n/s + -1?
7
Suppose -2*m = 2*x - 3*m - 12, 0 = x - m - 7. Suppose 4*r = x*c - 2*c - 96, -r - 5*c = 24. Let t = r + 38. What is the tens digit of t?
1
Let r = 29 - 83. Let a be (120/18 + -6)/((-4)/r). Let j = a - -11. What is the units digit of j?
0
Let b be (-180)/(-27)*12/5. Let c = -1 + b. Suppo